digit of 517906333?
3
What is the thousands digit of 91874045?
4
What is the ten thousands digit of 526068947?
6
What is the units digit of 151365130?
0
What is the ten millions digit of 114006647?
1
What is the thousands digit of 2187558?
7
What is the hundred thousands digit of 1826547489?
5
What is the ten millions digit of 25631944?
2
What is the hundreds digit of 18429692?
6
What is the millions digit of 324514551?
4
What is the tens digit of 506832366?
6
What is the millions digit of 1874110418?
4
What is the units digit of 52039517?
7
What is the thousands digit of 65954609?
4
What is the hundred thousands digit of 387716612?
7
What is the ten millions digit of 39399622?
3
What is the ten thousands digit of 182932127?
3
What is the tens digit of 203824791?
9
What is the ten thousands digit of 66950571?
5
What is the hundred thousands digit of 103040996?
0
What is the thousands digit of 521966199?
6
What is the hundred thousands digit of 91829913?
8
What is the ten thousands digit of 50945939?
4
What is the hundreds digit of 160773162?
1
What is the thousands digit of 110154448?
4
What is the ten thousands digit of 875878459?
7
What is the units digit of 1395069377?
7
What is the hundred millions digit of 206386270?
2
What is the tens digit of 354324056?
5
What is the ten thousands digit of 3408787263?
8
What is the thousands digit of 151502663?
2
What is the thousands digit of 811816289?
6
What is the ten thousands digit of 60860954?
6
What is the ten millions digit of 1007368493?
0
What is the millions digit of 132035784?
2
What is the ten thousands digit of 300124429?
2
What is the units digit of 9460909664?
4
What is the millions digit of 257632288?
7
What is the tens digit of 42202537?
3
What is the ten millions digit of 42983001?
4
What is the tens digit of 5661287685?
8
What is the hundreds digit of 372334391?
3
What is the billions digit of 2210985871?
2
What is the hundreds digit of 555545288?
2
What is the ten thousands digit of 119826711?
2
What is the thousands digit of 2148916152?
6
What is the hundred thousands digit of 155194913?
1
What is the hundred thousands digit of 846199246?
1
What is the thousands digit of 192015254?
5
What is the ten thousands digit of 37790384?
9
What is the billions digit of 6647805926?
6
What is the units digit of 2358440280?
0
What is the tens digit of 634555937?
3
What is the ten millions digit of 40459297?
4
What is the units digit of 548366?
6
What is the millions digit of 243295865?
3
What is the hundred thousands digit of 632090592?
0
What is the thousands digit of 114173838?
3
What is the hundreds digit of 9361702?
7
What is the hundreds digit of 2352161?
1
What is the tens digit of 29736399?
9
What is the hundred thousands digit of 696581762?
5
What is the units digit of 4093647234?
4
What is the thousands digit of 147920918?
0
What is the units digit of 1978608440?
0
What is the ten millions digit of 1407277562?
0
What is the ten millions digit of 247455008?
4
What is the units digit of 22768172?
2
What is the hundred thousands digit of 7965125?
9
What is the ten thousands digit of 130152464?
5
What is the ten millions digit of 37851230?
3
What is the hundred millions digit of 5664587779?
6
What is the ten thousands digit of 623322823?
2
What is the millions digit of 61095173?
1
What is the hundred thousands digit of 8598427?
5
What is the millions digit of 4759268443?
9
What is the ten millions digit of 2287746407?
8
What is the ten millions digit of 25160463?
2
What is the hundreds digit of 76353981?
9
What is the ten millions digit of 411084612?
1
What is the hundreds digit of 2065384226?
2
What is the tens digit of 488307793?
9
What is the thousands digit of 760366890?
6
What is the thousands digit of 73876907?
6
What is the millions digit of 2624033465?
4
What is the hundred thousands digit of 478194232?
1
What is the tens digit of 567260554?
5
What is the millions digit of 266686066?
6
What is the hundreds digit of 657519446?
4
What is the thousands digit of 466449615?
9
What is the thousands digit of 622839237?
9
What is the hundreds digit of 450308195?
1
What is the tens digit of 60239030?
3
What is the hundreds digit of 2341736443?
4
What is the millions digit of 86417890?
6
What is the thousands digit of 43181949?
1
What is the hundred millions digit of 651891117?
6
What is the hundred thousands digit of 200275389?
2
What is the units digit of 394964873?
3
What is the thousands digit of 68476888?
6
What is the units digit of 139035302?
2
What is the hundred millions digit of 883662192?
8
What is the tens digit of 251801386?
8
What is the hundreds digit of 814884469?
4
What is the hundred millions digit of 1464375510?
4
What is the ten millions digit of 375060737?
7
What is the tens digit of 1995364936?
3
What is the thousands digit of 551313436?
3
What is the hundred thousands digit of 47284750?
2
What is the hundreds digit of 2262128?
1
What is the thousands digit of 3626269582?
9
What is the ten thousands digit of 3449913?
4
What is the tens digit of 10149996?
9
What is the millions digit of 775674588?
5
What is the units digit of 51916571?
1
What is the millions digit of 1669736671?
9
What is the millions digit of 7900469?
7
What is the hundreds digit of 1415332807?
8
What is the hundreds digit of 2861703061?
0
What is the thousands digit of 125148347?
8
What is the ten millions digit of 221908771?
2
What is the ten thousands digit of 16452645?
5
What is the hundred thousands digit of 115561803?
5
What is the hundred millions digit of 1336079074?
3
What is the hundreds digit of 49582144?
1
What is the units digit of 40016941?
1
What is the thousands digit of 583629403?
9
What is the ten thousands digit of 3290633549?
3
What is the hundreds digit of 1340473194?
1
What is the thousands digit of 19064818?
4
What is the hundred millions digit of 1574769917?
5
What is the hundred thousands digit of 110483988?
4
What is the units digit of 665631342?
2
What is the hundreds digit of 2539058893?
8
What is the units digit of 396399533?
3
What is the hundred thousands digit of 32612008?
6
What is the ten thousands digit of 2565098981?
9
What is the thousands digit of 3499592555?
2
What is the millions digit of 372723626?
2
What is the ten millions digit of 3640388697?
4
What is the tens digit of 181196965?
6
What is the tens digit of 285596606?
0
What is the tens digit of 76411950?
5
What is the ten thousands digit of 954745683?
4
What is the units digit of 145803956?
6
What is the hundreds digit of 59301058?
0
What is the units digit of 39264278?
8
What is the hundreds digit of 82282310?
3
What is the ten millions digit of 40726535?
4
What is the thousands digit of 3001966552?
6
What is the ten millions digit of 150023114?
5
What is the thousands digit of 408092095?
2
What is the hundred thousands digit of 9499800?
4
What is the units digit of 52001029?
9
What is the thousands digit of 4011606750?
6
What is the millions digit of 1035469472?
5
What is the thousands digit of 18921856?
1
What is the hundred thousands digit of 144702676?
7
What is the hundreds digit of 46943442?
4
What is the tens digit of 57080913?
1
What is the millions digit of 54890517?
4
What is the hundred thousands digit of 143051113?
0
What is the hundred thousands digit of 6164963374?
9
What is the hundreds digit of 47381275?
2
What is the hundred millions digit of 2264357636?
2
What is the hundreds digit of 94686397?
3
What is the millions digit of 22141204?
2
What is the millions digit of 4183396?
4
What is the thousands digit of 4378234805?
4
What is the tens digit of 103547666?
6
What is the thousands digit of 19154497?
4
What is the millions digit of 3029643?
3
What is the tens digit of 208796743?
4
What is the thousands digit of 1069989289?
9
What is the ten millions digit of 319815446?
1
What is the units digit of 863971596?
6
What is the ten millions digit of 388540967?
8
What is the hundreds digit of 2588092016?
0
What is the millions digit of 1328483235?
8
What is the thousands digit of 1671224611?
4
What is the hundred thousands digit of 24008847?
0
What is the millions digit of 313324690?
3
What is the ten millions digit of 35297595?
3
What is the hundreds digit of 81891681?
6
What is the units 